 121 = -5*l. Is l a composite number?
True
Let s = -3 - 12. Let l(q) = -q**2 - 15*q + 6. Is l(s) a composite number?
True
Let w(a) = 2*a**3 - 7*a**2 + 1. Let b be w(5). Suppose -x - x + b = 0. Is x composite?
True
Suppose -5*v - 143 - 142 = -2*g, 2*g = 3*v + 295. Suppose -4*r = -9*r + g. Is r a prime number?
True
Let c(l) be the third derivative of -l**6/120 + 3*l**5/10 - 3*l**4/8 - 3*l**3/2 + 5*l**2. Is c(7) composite?
False
Suppose q + 1 - 6 = 0. Suppose t - q*k = 8, 5*k = -5*t + 2*t + 4. Suppose 76 = m + t*m. Is m a composite number?
False
Is (-873)/3*(-4)/12 composite?
False
Suppose -5*w + 66 = -2*w. Let v = -8 + w. Is v prime?
False
Let a(o) = -18*o**3 - o**2 + o - 5. Let d(h) = 17*h**3 + 2*h**2 - 2*h + 6. Let s(t) = -4*a(t) - 3*d(t). Is s(3) composite?
False
Suppose -214 = -2*v + 2*w, 0 = -0*w + 5*w - 15. Suppose 51 + 108 = 3*n. Let h = v - n. Is h a composite number?
True
Is 8/(-12) - (-3020)/12 a prime number?
True
Let c(g) be the second derivative of -2*g**3 + g**2/2 + 5*g. Is c(-3) a composite number?
False
Is 14 + -15 - 4200/(-2) a prime number?
True
Let c = 68 + -37. Is c a composite number?
False
Suppose 0 = -4*a - a - 60. Let c = 49 + a. Is c prime?
True
Suppose -5*m - 85 = -0*m. Let b be (-6 + 0)*(m - -5). Suppose 5*r - 176 = -q, -b + 5 = -2*r + 3*q. Is r prime?
False
Let v(k) = 2*k**2 - k - 2. Let d be v(2). Is (d/12)/(1/201) composite?
False
Let q be -2 + 10 + (-3 - 0). Suppose 4*c - q*i - 248 = c, -180 = -2*c - 4*i. Is c prime?
False
Let k = 516 + -281. Is k a composite number?
True
Let m(h) = h**3 + 8*h**2 - 8*h + 8. Let b be m(-9). Is (-2 - b)*(-494 + 3) a prime number?
True
Let f(h) = h**3 + h**2 + 2*h. Let c be f(3). Suppose 3*b + 144 = 6*b + 3*t, 0 = -b + t + c. Suppose x - b - 8 = 0. Is x a prime number?
True
Let o(b) = 5*b**2 + 2*b + 1. Suppose 3*v - 2*s = -7, v + s = -s - 5. Let a be o(v). Let f = a - 19. Is f prime?
False
Suppose 4*o - 3*j - 128 = -5*j, 170 = 5*o + 5*j. Is -1 + 3 + 1 + o a prime number?
False
Let r = 26 - 17. Suppose 0 = r*l - 6*l - 5*a - 197, 0 = l + a - 71. Is l a composite number?
True
Suppose 0 = 7*r - 3*r - 348. Is r a composite number?
True
Let h(z) = 8*z - 45. Is h(14) a composite number?
False
Let t(r) = 2*r**2 - 3*r + 3. Let s = -3 - -7. Is t(s) prime?
True
Let l be (0 + -1 + 1)/2. Suppose l*r + 2*r - 6 = 0. Suppose -5*f - 4*o = -147, -r*f + 4*o = 2*f - 163. Is f composite?
False
Suppose 4*m + 0*m - 16 = 0. Suppose -m*l - 48 = -0*l. Is 73/2 - 6/l composite?
False
Suppose -220 = -9*z + 4*z. Let s = z - 10. Is s prime?
False
Is (2 + 133 - 4)*1 a composite number?
False
Let h be (-3 + (-11)/(-2))*-6. Let x be (-2)/(-6)*h/1. Is (-43 - x)*(-1)/2 composite?
False
Suppose 5*b - 69 = -9. Let a be 9/b + 1273/4. Suppose 0 = 2*i + 3*h - a, -3*i + h + 645 = i. Is i a composite number?
True
Let u(n) = -8*n**3 + n + 1. Let q be u(-1). Let j = -4 + q. Suppose j = g - 3. Is g prime?
True
Let z = 413 - 797. Let j = z - -539. Is j composite?
True
Let p be 3/(-6)*2*-1. Is p/((-1)/83)*-1 composite?
False
Let m = -23 + 29. Let s(x) = x + 3*x + 1 - 4. Is s(m) a composite number?
True
Is 6*(-447)/12*-2 composite?
True
Let x(l) = -7*l - 3. Let g be x(5). Let z = 147 + g. Is z composite?
False
Let u = -7 + 11. Suppose -n + u = -10. Is n a composite number?
True
Suppose y = 5 - 0. Suppose 3*k = y*c + 361, 5*c = k + c - 111. Is k composite?
False
Let q = 3837 + -2522. Is q a composite number?
True
Suppose 0 = 11*m - 1737 - 17612. Is m a composite number?
False
Suppose 5*g = 2*g + 3, h = 3*g + 14. Suppose 0*t - 2*t + 60 = 0. Let a = t - h. Is a prime?
True
Suppose 0 = 5*l - 2 + 12, -4*l = a - 916. Suppose -d = 3*d - a. Suppose 7*k - 4*k = d. Is k a composite number?
True
Let b(s) = 4*s**3 + 16. Let h(u) = -u**3 - 4. Let j(x) = -2*b(x) - 9*h(x). Let y(k) = k**2 + 3*k + 5. Let l be y(-2). Is j(l) prime?
True
Let o = -739 - -387. Let z = o + 557. Is z composite?
True
Let w(q) = -1 - 1 - 6*q + 0. Let c be w(-2). Is 8/(-6)*(-105)/c composite?
True
Let i(v) = v**2 + 14*v + 8. Let b be i(-11). Let p = 10 - b. Is p prime?
False
Suppose -129 = -t - 2*t. Suppose -67 = -2*f + t. Is f a prime number?
False
Let b = 2099 + -515. Let y = 952 - b. Let l = -301 - y. Is l a composite number?
False
Suppose -3*z + 1032 = k + 70, 2*z = -4*k + 3838. Is k a composite number?
True
Is (2 + (-6717)/(-6))/(2/4) a composite number?
False
Let i(n) = -12*n - 15. Let z be i(-10). Let p = z + -73. Let d = p + 63. Is d a prime number?
False
Let c be (-2)/4*6 - 99. Let d = -67 - c. Suppose -5*h = d - 780. Is h a composite number?
False
Let d(x) = x**3 + 4*x**2 - 6*x - 5. Let y be d(-5). Let m(a) be the first derivative of a**4/4 + a**2/2 + 127*a - 6. Is m(y) prime?
True
Let k(w) = 16*w**3 - w**2 - w + 1. Let x be k(-2). Is (-2)/4*(x + -5) a prime number?
True
Let a be (-3 - (-374)/(-1)) + -2. Let h = -194 - a. Is h composite?
True
Suppose 3*d = 57 + 90. Is d a composite number?
True
Suppose -282 = -2*a + 252. Let r = a + -89. Is r a prime number?
False
Suppose -4*b + 0*b - 9 = 5*o, -5*o = -5*b. Let c be (3/o)/((-3)/2). Suppose 5*y - 333 = -d + c*d, -4*y + 2*d = -264. Is y a composite number?
False
Suppose 10219 = 3*a - 5*n + 3*n, -a = 3*n - 3410. Is a a composite number?
False
Let z be (-2)/(4/167)*-6. Let i = z - 284. Is i composite?
True
Suppose -2*a - 4*a + 3438 = 0. Is a a composite number?
True
Suppose 3*s - 7*s + 644 = 0. Is s a composite number?
True
Suppose 0 = -0*q + q + z - 824, 3275 = 4*q - 3*z. Is q a prime number?
True
Suppose -5*j = p - 0*p - 24, 0 = 4*j - 4*p. Let s(f) = 0 - f**3 + 7*f**2 + 0*f**3 - 3 - j*f. Is s(6) composite?
True
Let c(z) = 4*z**2 + 8*z + 6. Is c(5) a prime number?
False
Let m(g) = -g - 6. Let x be m(-7). Let o be 2/1 + (-1)/x. Is (-46)/(o/(1/(-2))) a prime number?
True
Let c be -2 + (472 - (-4 - -1)). Let g = c + -166. Is g prime?
True
Let r = -5 - -9. Suppose -636 + 46 = -4*i + 2*t, -r*t = 5*i - 757. Is i a prime number?
True
Let s(w) = 11*w**3 + 11*w**2 + 4*w + 8. Is s(5) prime?
False
Let r be (-4)/((-2)/1) + -2. Suppose -7*o + 3*o + 1272 = r. Suppose o = 5*j - 317. Is j a composite number?
False
Let j be -167 + (0/(-1) - 1). Let n = j + 30. Is (0 - n/8)*4 prime?
False
Let u be (-5)/((-10)/(-204)) - 0. Let n = u + 48. Let c = -16 - n. Is c composite?
True
Let q(f) = -251*f + 7. Is q(-4) a prime number?
False
Let a = 62 - 5. Is a composite?
True
Let o(v) = 2*v + 6. Let q be o(-6). Let h = 25 - q. Is h composite?
False
Let a = 103 + -24. Is a composite?
False
Let t(w) = 5*w**2 + 1. Let g be t(1). Is 2/g*293*3 a prime number?
True
Let s = -4 + 7. Let a be -309 + s/(-3) + -2. Is (-2)/7 - a/14 a composite number?
True
Let o(g) = -3 + g + 4*g - 4*g. Let c be o(5). Suppose k - 39 = -c*k. Is k a prime number?
True
Let y(r) = -33*r - 7. Is y(-20) a composite number?
False
Let i be ((-1 + 4)*-3)/(-1). Is (i + -4)/((-2)/(-4)) a composite number?
True
Suppose -2*r - 336 = -2*b - 0*b, 2*b = 3*r + 333. Let n = b - -15. Let d = -59 + n. Is d a prime number?
True
Let v = -21 + 115. Is v composite?
True
Let j(u) = -48*u**3 - 2*u**2 - 3*u. Is j(-2) prime?
False
Let i = -141 - 13. Is i/(3 + (-8 - -3)) a composite number?
True
Suppose 0*g = 2*g. Suppose 236 = b - 5*q, g*q - 427 = -2*b + q. Is b a composite number?
False
Let p(k) = -2*k - 7. Let v be p(-5). Let o be (-5)/(-2*v/6). Suppose 4*f - 143 = j, -2*f = -7*f - o*j + 210. Is f a composite number?
False
Let z = 663 + -214. Is z composite?
False
Let z = 154 + -95. Is z prime?
True
Let p = 316 + -57. Is p composite?
True
Suppose m + 8 = 4*l, -4*l - 4 + 0 = -4*m. Let o = l + 440. Is o a prime number?
True
Let c = -668 + 1951. Is c prime?
True
Suppose -12599 = -5*g + 3*d, d + 2527 = g + 4*d. Is g composite?
False
Suppose -3*o + 4*t = -193, o = -2*t - 20 + 71. Is o prime?
True
Let k be (-1)/(-1*3/6). Let n(m) = -21*m + 1. Let q be n(-2). Suppose k*j - q - 7 = 0. Is j a composite number?
True
Let n be 1325/(-2) + (-3)/(-6). Let q = n + 1108. Is q composite?
True
Let w = -294 + 198. Let y = 165 + w. Is y a prime number?
False
Suppose 2*m + 210 = 4*m + 5*p, 0 = 3*m - 3*p - 273. Let f = m + -16. Is f prime?
True
Let t = -538 - -1055. Is t a prime number?
False
Is ((-2)/6)/((-4 - 1)/20985) a prime number?
True
Suppose -4 = b, -4*t - 4*b + b = 4. Is t/(-7) - 35245/(-49) a composite numbe